{"id":1263,"date":"2024-10-19T06:41:00","date_gmt":"2024-10-19T06:41:00","guid":{"rendered":"https:\/\/marrakechgonflable.com\/?post_type=product&#038;p=1263"},"modified":"2024-12-05T13:20:12","modified_gmt":"2024-12-05T13:20:12","slug":"pop-corn","status":"publish","type":"product","link":"https:\/\/marrakechgonflable.com\/?product=pop-corn","title":{"rendered":"POP CORN"},"content":{"rendered":"","protected":false},"excerpt":{"rendered":"<div style=\"text-align: center;\">\n<p><strong>INFORMATIONS :<\/strong><\/p>\n<p><em>-Production :\u00a090 portions\/Heure\u00a0\u00a0\u00a0\u00a0\u00a0\u00a0\u00a0\u00a0\u00a0\u00a0\u00a0\u00a0\u00a0 \u00a0\u00a0\u00a0\u00a0\u00a0\u00a0\u00a0\u00a0\u00a0\u00a0\u00a0\u00a0\u00a0\u00a0\u00a0\u00a0\u00a0\u00a0\u00a0\u00a0\u00a0\u00a0\u00a0\u00a0\u00a0\u00a0\u00a0\u00a0\u00a0\u00a0\u00a0\u00a0\u00a0\u00a0\u00a0\u00a0\u00a0\u00a0\u00a0\u00a0\u00a0\u00a0\u00a0\u00a0\u00a0\u00a0\u00a0\u00a0\u00a0\u00a0\u00a0\u00a0\u00a0\u00a0\u00a0\u00a0\u00a0\u00a0\u00a0\u00a0\u00a0\u00a0\u00a0\u00a0\u00a0\u00a0\u00a0<\/em><i>-Avec 1kg de ma\u00efs, vous\u00a0faites 40 portions<\/i><br \/>\n<em>-Sucr\u00e9e, nature , sal\u00e9e a vous de choisir !<\/em><\/p>\n<p>un succ\u00e8s aupr\u00e8s des petits et grands, lors des<em>\u00a0mariages, anniversaires, bapt\u00eames, communion, go\u00fbters d\u2019anniversaire, EVJF, baby-shower, family day, bat\/bar mitzvahs, sweet sixteens, \u00e9v\u00e8nements d\u2019entreprise, arbres de No\u00ebl, pr\u00e9sentations presse, soir\u00e9es de lancement<\/em>\u2026<\/p>\n<p>Apportez une petite touche d\u2019originalit\u00e9 et de douceur \u00e0 votre \u00e9v\u00e8nement .<\/p>\n<p><a href=\"https:\/\/wa.me\/212766664566?text=Bonjour%20Marrakech%20Gonflable%2C%20je%20souhaite%20obtenir%20plus%20d%27informations%20sur%20vos%20services.\"><br \/>\n<img decoding=\"async\" src=\"https:\/\/marrakechgonflable.com\/wp-content\/uploads\/2024\/10\/wtsp-300x132.png\" alt=\"Contact us via WhatsApp\" width=\"195\" height=\"86\" \/><br \/>\n<\/a><\/p>\n<\/div>\n<div style=\"height: 40px;\"><\/div>\n","protected":false},"featured_media":1266,"template":"","meta":[],"product_cat":[29],"product_tag":[],"class_list":{"0":"post-1263","1":"product","2":"type-product","3":"status-publish","4":"has-post-thumbnail","6":"product_cat-confiserie","8":"first","9":"instock","10":"shipping-taxable","11":"purchasable","12":"product-type-simple"},"_links":{"self":[{"href":"https:\/\/marrakechgonflable.com\/index.php?rest_route=\/wp\/v2\/product\/1263"}],"collection":[{"href":"https:\/\/marrakechgonflable.com\/index.php?rest_route=\/wp\/v2\/product"}],"about":[{"href":"https:\/\/marrakechgonflable.com\/index.php?rest_route=\/wp\/v2\/types\/product"}],"wp:featuredmedia":[{"embeddable":true,"href":"https:\/\/marrakechgonflable.com\/index.php?rest_route=\/wp\/v2\/media\/1266"}],"wp:attachment":[{"href":"https:\/\/marrakechgonflable.com\/index.php?rest_route=%2Fwp%2Fv2%2Fmedia&parent=1263"}],"wp:term":[{"taxonomy":"product_cat","embeddable":true,"href":"https:\/\/marrakechgonflable.com\/index.php?rest_route=%2Fwp%2Fv2%2Fproduct_cat&post=1263"},{"taxonomy":"product_tag","embeddable":true,"href":"https:\/\/marrakechgonflable.com\/index.php?rest_route=%2Fwp%2Fv2%2Fproduct_tag&post=1263"}],"curies":[{"name":"wp","href":"https:\/\/api.w.org\/{rel}","templated":true}]}}